 a multiple of 53?
False
Is 26975 a multiple of 83?
True
Is 8 a factor of 30224?
True
Is 10 a factor of 1760?
True
Is 16 a factor of 766?
False
Does 11 divide 796?
False
Is 1428 a multiple of 21?
True
Is 5850 a multiple of 150?
True
Does 88 divide 43499?
False
Does 29 divide 89204?
True
Is 26 a factor of 1820?
True
Is 12 a factor of 2570?
False
Is 102 a factor of 7294?
False
Does 77 divide 2695?
True
Does 3 divide 8291?
False
Is 93 a multiple of 17?
False
Is 84 even?
True
Is 17 a factor of 3048?
False
Is 183 a factor of 29280?
True
Is 10 a factor of 2668?
False
Is 21 a factor of 220?
False
Does 11 divide 46945?
False
Is 75 a factor of 35625?
True
Is 180 a multiple of 6?
True
Does 7 divide 31178?
True
Does 58 divide 464?
True
Is 14 a factor of 321?
False
Is 288 a multiple of 32?
True
Does 132 divide 3564?
True
Is 44 a factor of 22255?
False
Is 13807 a multiple of 340?
False
Is 49174 a multiple of 74?
False
Is 121464 a multiple of 24?
True
Does 51 divide 6079?
False
Is 69 a factor of 36579?
False
Is 24 a factor of 100057?
False
Is 339 a multiple of 10?
False
Does 10 divide 4688?
False
Does 9 divide 5218?
False
Is 183 a factor of 16281?
False
Is 21 a factor of 588?
True
Is 2222 a multiple of 39?
False
Is 28 a factor of 3668?
True
Is 14 a factor of 519?
False
Is 196 a multiple of 7?
True
Does 12 divide 18864?
True
Is 532 a multiple of 19?
True
Is 13462 a multiple of 127?
True
Is 164 a factor of 107748?
True
Is 8 a factor of 2424?
True
Is 141 a factor of 36519?
True
Is 182 a factor of 63891?
False
Is 7854 a multiple of 77?
True
Does 51 divide 11781?
True
Does 93 divide 10137?
True
Is 11 a factor of 206?
False
Does 12 divide 13439?
False
Does 4 divide 1253?
False
Does 3 divide 4857?
True
Is 7889 a multiple of 161?
True
Is 630 a multiple of 7?
True
Is 29184 a multiple of 152?
True
Is 16185 a multiple of 117?
False
Is 4416 a multiple of 12?
True
Does 17 divide 30700?
False
Is 5798 a multiple of 67?
False
Is 132 a factor of 3574?
False
Is 978 a multiple of 28?
False
Does 40 divide 267?
False
Is 6028 a multiple of 11?
True
Is 5910 a multiple of 30?
True
Does 9 divide 6097?
False
Is 7086 a multiple of 6?
True
Is 798 a multiple of 9?
False
Does 17 divide 7089?
True
Does 42 divide 1283?
False
Does 6 divide 5826?
True
Is 15 a factor of 299?
False
Is 935 a multiple of 85?
True
Does 5 divide 561?
False
Is 7 a factor of 1092?
True
Is 13635 a multiple of 29?
False
Does 33 divide 1922?
False
Is 5 a factor of 4111?
False
Is 22 a factor of 80?
False
Is 1848 a multiple of 21?
True
Is 60 a factor of 1080?
True
Does 15 divide 16515?
True
Does 4 divide 169?
False
Is 91 a factor of 637?
True
Is 59 a factor of 12227?
False
Is 16 a factor of 176?
True
Is 13 a factor of 1668?
False
Does 10 divide 681?
False
Is 50 a factor of 19550?
True
Is 175 a multiple of 25?
True
Is 116 a factor of 794?
False
Does 27 divide 6875?
False
Is 532 a multiple of 14?
True
Is 1333 a multiple of 13?
False
Is 163 a factor of 26895?
True
Does 21 divide 378?
True
Is 103 a factor of 22351?
True
Is 20 a factor of 11700?
True
Does 44 divide 834?
False
Is 39 a factor of 1365?
True
Is 147 a factor of 161?
False
Is 16 a factor of 25435?
False
Does 23 divide 16307?
True
Is 2034 a multiple of 8?
False
Does 5 divide 1359?
False
Is 488 a multiple of 9?
False
Is 2 a factor of 163?
False
Is 14782 a multiple of 19?
True
Is 3198 a multiple of 13?
True
Is 40 a factor of 7440?
True
Is 11 a factor of 5653?
False
Is 34 a factor of 3298?
True
Is 45 a factor of 4153?
False
Is 950 a multiple of 50?
True
Is 2870 a multiple of 6?
False
Does 33 divide 143?
False
Is 36 a factor of 8172?
True
Is 116 a factor of 1865?
False
Is 140 a factor of 3500?
True
Does 16 divide 3568?
True
Is 685 a multiple of 70?
False
Is 3 a factor of 978?
True
Does 21 divide 252?
True
Is 53 a multiple of 3?
False
Is 26 a factor of 6397?
False
Is 5 a factor of 715?
True
Is 1481 a multiple of 5?
False
Is 20 a factor of 894?
False
Is 9 a factor of 531?
True
Does 11 divide 17479?
True
Is 3243 a multiple of 19?
False
Is 840 a multiple of 21?
True
Is 8 a factor of 7543?
False
Is 26 a factor of 468?
True
Is 3607 a multiple of 7?
False
Does 171 divide 22059?
True
Is 90 a factor of 3240?
True
Does 10 divide 250?
True
Is 324 a multiple of 54?
True
Is 255 a multiple of 3?
True
Does 118 divide 8470?
False
Is 46 a factor of 1047?
False
Does 72 divide 12506?
False
Does 18 divide 2177?
False
Is 13 a factor of 908?
False
Is 3 a factor of 2123?
False
Is 235 a factor of 12234?
False
Does 18 divide 9867?
False
Is 462 a multiple of 30?
False
Does 14 divide 2464?
True
Is 13416 a multiple of 58?
False
Is 113 a factor of 5311?
True
Does 17 divide 1090?
False
Is 42 a factor of 462?
True
Is 9 a factor of 784?
False
Is 80713 a multiple of 307?
False
Is 12 a factor of 7224?
True
Is 54 a factor of 2160?
True
Is 61 a factor of 15154?
False
Is 34 a factor of 1190?
True
Is 19 a factor of 8602?
False
Does 60 divide 1500?
True
Is 29 a factor of 6119?
True
Does 53 divide 16854?
True
Does 111 divide 3330?
True
Is 251 a factor of 54216?
True
Is 56 a factor of 2820?
False
Is 124 a factor of 47120?
True
Is 14906 a multiple of 194?
False
Is 10 a factor of 613?
False
Is 6781 a multiple of 10?
False
Is 39 a factor of 2108?
False
Is 14025 a multiple of 165?
True
Is 20 a factor of 17375?
False
Is 9 a factor of 1557?
True
Is 2322 a multiple of 7?
False
Is 820 a multiple of 20?
True
Is 366 a multiple of 11?
False
Is 909 a multiple of 10?
False
Does 116 divide 51451?
False
Does 32 divide 4608?
True
Does 52 divide 3955?
False
Is 11803 a multiple of 37?
True
Is 43264 a multiple of 238?
False
Does 22 divide 82175?
False
Does 8 divide 744?
True
Is 12 a factor of 5400?
True
Is 1950 a multiple of 31?
False
Is 1830 a multiple of 8?
False
Is 116 even?
True
Is 2850 a multiple of 6?
True
Does 170 divide 113220?
True
Does 103 divide 2884?
True
Is 41 a factor of 509?
False
Does 43 divide 989?
True
Is 36 a factor of 1332?
True
Does 16 divide 50548?
False
Is 12 a factor of 2676?
True
Is 21655 a multiple of 71?
True
Does 19 divide 4219?
False
Is 44 a factor of 10695?
False
Is 12 a factor of 1104?
True
Does 4 divide 21?
False
Is 27 a factor of 2586?
False
Is 587 a multiple of 13?
False
Does 12 divide 1815?
False
Does 29 divide 34983?
False
Is 44231 a multiple of 8?
False
Does 7 divide 413?
True
Does 11 divide 48686?
True
Does 4 divide 14?
False
Is 35 a factor of 630?
True
Is 10 a factor of 65?
False
Is 6735 a multiple of 44?
False
Is 15 a factor of 1063?
False
Is 4984 a multiple of 4?
True
Does 4 divide 324?
True
Is 66120 a multiple of 232?
True
Is 17199 a multiple of 91?
True
Is 66 a multiple of 28?
False
Does 2 divide 73?
False
Is 7598 a multiple of 68?
False
Does 13 divide 4134?
True
Is 4 a factor of 13333?
False
Is 8 a factor of 352?
True
Is 17 a factor of 884?
True
Does 73 divide 9031?
False
Is 7 a factor of 8274?
True
Does 19 divide 456?
True
Is 6308 a multiple of 14?
False
Does 76 divide 842?
False
Does 14 divide 4732?
True
Is 121 a multiple of 3?
False
Is 6 a factor of 33607?
False
Is 51 a factor of 306?
True
Is 26 a factor of 4880?
False
Is 54 a factor of 1512?
True
Is 12862 a multiple of 23?
False
Does 46 divide 3082?
True
Is 974 a multiple of 17?
False
Does 36 divide 169363?
False
Is 1914 a multiple of 87?
True
Is 9996 a multiple of 3?
True
Is 2 a factor of 389?
False
Does 20 divide 560?
True
Does 12 divide 3465?
False
Is 39 a multiple of 16?
False
Is 201 a factor of 52021?
False
Does 103 divide 2901?
False
Is 5828 a multiple of 94?
True
Is 20 a factor of 134?
False
Is 57 a factor of 1026?
True
Does 64 divide 9093?
False
Is 132 a factor of 36696?
True
Is 12579 a multiple of 21?
True
Does 50 divide 550?
True
Does 66 divide 2404?
False
Is 3649 a multiple of 63?
False
Does 14 divide 182?
True
Is 12 a factor of 192?
True
Is 1043 even?
False
Does 22 divide 8580?
True
Is 12 a factor of 424?
False
Is 59 a factor of 464?
False
Is 261 a multiple of 29?
True
Does 7 divide 527?
False
Is 2 a factor of 489?
False
Does 4 divide 603?
False
Is 11 a factor of 4567?
False
Does 31 divide 18229?
False
Does 56 divide 109458?
False
Is 2511 a multiple of 81?
True
Is 18 a factor of 28?
False
Is 21592 a multiple of 8?
True
Is 94 a factor of 10152?
True
Is 17 a factor of 2839?
True
Is 21500 a multiple of 9?
False
Does 